5
Let q(g) = 3*g**2 - 23*g + 111. Let x be q(6). What is the greatest common divisor of x and 9?
9
Suppose -24*j = -7*j - 476. What is the greatest common factor of 364 and j?
28
Let v = -2477 + 8327. Calculate the highest common factor of v and 150.
150
Let f(j) = 30*j**2 - 4*j. Let s be f(2). Calculate the highest common divisor of s and 42.
14
Let f = 29 - 6. Suppose -4*m + 105 = -f. Let o = 229 + -221. Calculate the highest common factor of o and m.
8
Suppose 0 = 4*m + 2*c - 972, -2*c - 16 = 2*c. Calculate the greatest common divisor of 686 and m.
49
Let b(w) = w**3 - 9*w**2 + 12*w - 11. Let d = -5 - -13. Let s be b(d). Suppose 13 = 5*j - 2. What is the highest common divisor of j and s?
3
Suppose 4*u = -4*b - 8, -4*b = -8*b + 12. Let y(m) = -m**3 - 6*m**2 - 6*m - 2. Let d be y(u). Let w = d + 5. What is the highest common factor of w and 8?
8
Let r(w) = 18*w - 29. Let f be r(2). Calculate the greatest common factor of 210 and f.
7
Let k be ((-46)/(-3))/(4/6). Let l = -5 + k. Let u = l - 15. What is the greatest common divisor of u and 12?
3
Let j be (-55)/22*(-8)/5. Let q(r) = -r**3 + 5*r**2 + 2*r + 6. Let d be q(j). What is the greatest common divisor of 75 and d?
15
Let o be (-7 + 216/30)*395. Calculate the highest common divisor of o and 237.
79
Let f be 96*3/(-12)*-2. Suppose 4*a + 22 = 5*p, -a = -5*a + 8. What is the greatest common factor of p and f?
6
Suppose 3521 = -a + 5*a + w, -4*w - 1756 = -2*a. Let s be a/(-33)*42/(-4). Suppose -17 = -3*j + s. What is the greatest common factor of 9 and j?
9
Suppose 0 = 2*u - p - 20, 0 = -5*u - 0*p + 3*p + 48. Let s be ((-84)/16)/((-3)/24). What is the greatest common divisor of u and s?
6
Suppose 14*h = 8*h + 756. Calculate the greatest common divisor of h and 273.
21
Let o = 38 - -94. Calculate the highest common divisor of 418 and o.
22
Let z = 236 + -140. Suppose 3*c + 9 = 6*c. Suppose 2*r = -r + c*j + z, r - 35 = -2*j. Calculate the highest common divisor of r and 3.
3
Suppose 5*c + 9*c = 2296. Suppose 3*z + d - c = 0, 3*z - d - 158 = 2. Calculate the highest common factor of 18 and z.
18
Let h be (0 - 1)*3 - -54. Suppose h = 3*b - 309. Calculate the highest common factor of 48 and b.
24
Let p be 34*10 - (-5 - 0/(-6)). What is the greatest common divisor of p and 30?
15
Let l(k) be the third derivative of -k**6/120 + 11*k**5/60 - k**4/3 + 8*k**3/3 + 20*k**2. Let y be l(10). Calculate the highest common divisor of y and 48.
12
Suppose 3*n + h - 3*h + 16 = 0, -n = 4*h - 18. Let q be (-7)/(-28)*(n - -30). Let j be ((-28)/10)/(q/(-140)). What is the greatest common factor of j and 28?
28
Let n(k) = k + 9. Let r be n(-8). Let g(s) = 18*s + 197 - 200 + 11*s. Let o be g(r). Calculate the greatest common divisor of o and 104.
26
Suppose -9*h + 10*h = 2*o - 148, -3*o + 232 = -4*h. Calculate the highest common factor of 40 and o.
8
Suppose 5*z = -4*y + 3*y - 67, -y = -4*z - 50. Let g be z/39 + 32/6. What is the highest common factor of g and 5?
5
Let k(g) be the second derivative of -g - 1/20*g**5 - 2/3*g**4 - 4/3*g**3 + 0 + 3/2*g**2. Let x be k(-7). Calculate the greatest common divisor of x and 30.
10
Suppose 0 = 7*o - 9 - 19. Suppose 0 = -u - 2*t + 178, -o*u - 2*t + 692 = 2*t. Calculate the highest common factor of 21 and u.
21
Let u be 2028/8 - (0 - 1/(-2)). What is the greatest common divisor of u and 11?
11
Let k be (12/36)/((-2)/114). Let c = k + 34. Calculate the highest common factor of 45 and c.
15
Let i be 6 + -5 + (3 - 0). Suppose -5*z + i*z = -112. Calculate the greatest common divisor of 16 and z.
16
Suppose -9*c + 180 + 135 = 0. What is the greatest common divisor of 175 and c?
35
Suppose -d + 343 - 253 = 0. Calculate the highest common factor of d and 18.
18
Let q(y) = -2*y**3 + 2*y**2 + 2*y + 1. Let o be q(-2). Let k be (102/12 - 10)*-14. What is the greatest common factor of o and k?
21
Let o(u) = 3*u**2 + 2*u. Let c be o(-5). Suppose -c = -10*k + 135. What is the greatest common factor of 160 and k?
20
Let h = -37 - -25. Let p = 8 + h. Let q be ((-5)/p)/((-4)/(-80)). What is the greatest common divisor of q and 5?
5
Let j = -542 + 566. What is the highest common factor of j and 132?
12
Let v(b) = 31*b**2 + 9*b + 24. Let y be v(-2). What is the greatest common divisor of y and 10?
10
Let s be 2*2*4/(-16). Let c = s - -9. Let m be c/18*(-63)/(-14). What is the greatest common divisor of 3 and m?
1
Let w(z) = -z + 116. Let k be w(8). Calculate the greatest common divisor of k and 27.
27
Let x = 20 - 6. Let u be (2/(-6))/(x/(-84)). Suppose -u*w - 5*m = -627, 8*m + 1209 = 4*w + 3*m. Calculate the greatest common divisor of 34 and w.
34
Let m = 110 + 434. Calculate the highest common factor of 34 and m.
34
Suppose 3*o = -4*t + 234, 8*o + t + 413 = 13*o. What is the greatest common divisor of o and 451?
41
Suppose 2*u + 3*u + 100 = 0. Let o = u + 22. Calculate the highest common divisor of o and 10.
2
Let y(d) = 25*d + 220. Let m be y(-8). Calculate the greatest common factor of 70 and m.
10
Suppose 0 = -4*j + b + 10859 - 1080, 5*b - 4895 = -2*j. Suppose 0 = -f + 4*f + j. Let t be 32/56 + f/(-7). Calculate the highest common divisor of t and 13.
13
Suppose -3*d = 4*s - 2954, 2*d = -s + 69 + 1902. Calculate the highest common factor of d and 29.
29
Suppose 5*w - 5*q = 95, 2*q = 3*w - 57 + 3. Suppose 0 = -161*h + 104*h + 8208. Calculate the greatest common factor of w and h.
16
Let h be (59*-1)/((-22)/110). What is the highest common factor of 59 and h?
59
Let i be ((-4)/(-14))/((-999)/252 + 4). What is the greatest common divisor of i and 72?
8
Let g = -148 - -192. What is the greatest common factor of 121 and g?
11
Let j(r) = 23*r + 1. Let v be j(3). Let m be 54/(-3)*(-4)/8. Let u(i) = i + 5. Let x be u(m). What is the greatest common factor of v and x?
14
Let u be 7*(-14)/49*(-17 - 0). What is the greatest common factor of u and 51?
17
Let i(n) = n + 1 - 1 + 3*n**2 - 1 + 2. Let c be i(-1). Suppose u + 3*h - 2 + 4 = 0, -c*h - 18 = -3*u. What is the greatest common factor of u and 44?
4
Let z = 358 + -82. What is the greatest common factor of z and 322?
46
Suppose -6*g = -2*g + 152. Let f = g - -65. Suppose -3*q + 24 = -5*d, -2*q - 9 = 5*d - 0. What is the highest common divisor of f and q?
3
Let w(v) = v**3 + 4*v**2 - 1. Let k(j) = j**2. Let i(a) = 2*k(a) - w(a). Let s be i(-3). What is the highest common divisor of 20 and s?
10
Suppose 5*y + 15 = 3*c - 0*y, -4*c + 3*y + 31 = 0. Let f(s) = 23 - c - 4*s + 6*s. Let r be f(0). Calculate the highest common divisor of r and 13.
13
Let w = -9 + 20. Let o = w - 8. Suppose -o*z = 6, 2*u - z - 30 = -0*z. Calculate the greatest common factor of 42 and u.
14
Suppose 28*d = 26*d + 6. Suppose -20 = 2*v - 6*v. Suppose -3*s + v*o = -d, 8*s - o = 4*s + 21. Calculate the highest common divisor of s and 6.
6
Suppose f - 2 = -k, 3*f - 5*k + 39 = 5. Let y be (f - (-87)/27) + 646/9. What is the greatest common divisor of 9 and y?
9
Suppose w + 3*f - 27 = 0, -5*f - 119 + 4 = -5*w. Let b = 189 - w. What is the highest common factor of 30 and b?
15
Suppose 0 = -3*g + 1511 + 484. Calculate the highest common factor of 35 and g.
35
Let y(n) = n**3 + 6*n**2 - 13*n + 21. Let t be y(-6). Calculate the greatest common divisor of 363 and t.
33
Let s be (-5)/(5/(-10)*2 - 0). What is the greatest common factor of s and 160?
5
Let d = 504 + -252. What is the highest common divisor of 168 and d?
84
Suppose 0 = 3*s + 5*l - 51 - 109, 0 = 5*s + 2*l - 292. Calculate the highest common divisor of 60 and s.
60
Let g(u) = -6*u**3 - 5*u**2 - 7*u - 2. Let y be g(-2). Let r be 1196/y - (-1)/10. Calculate the greatest common divisor of r and 18.
6
Suppose -4*j + 15 + 33 = 0. Let q(p) = -p. Let d be q(3). Let y be 34/3 + (-2)/d. What is the greatest common divisor of y and j?
12
Let p(u) = -u + 10. Let k be p(-4). What is the highest common divisor of k and 679?
7
Let j(t) = t**3 - t**2 + t + 8. Let p be -3 + 0 + (-3)/(-1). Let h be j(p). Let s be 83 - (-1 + -2 + 6). Calculate the highest common divisor of s and h.
8
Let b(t) = -t**3 + 11*t**2 + 3*t - 28. Let s be b(10). Calculate the greatest common factor of s and 153.
51
Suppose -8*m - 4104 = -20*m. Calculate the highest common divisor of m and 6.
6
Suppose -1679 - 895 = -9*q. What is the highest common divisor of q and 26?
